{"id":259,"date":"2017-05-28T15:45:33","date_gmt":"2017-05-28T15:45:33","guid":{"rendered":"http:\/\/www.adflyrods.ch\/wp\/?post_type=product&#038;p=259"},"modified":"2020-07-28T09:10:03","modified_gmt":"2020-07-28T09:10:03","slug":"seele-blanks-glas","status":"publish","type":"product","link":"http:\/\/www.adflyrods.ch\/?product=seele-blanks-glas","title":{"rendered":"Seele Blanks Glas"},"content":{"rendered":"","protected":false},"excerpt":{"rendered":"<p>Es sind noch einige Seele Blanke am Lager. Es sind Glas-und Kohlefaserblanks von der Schnurklasse 3-10 da, zu einem fantastischen Preis. Glasruten sind noch einige starke dabei, bestens f\u00fcrs Salzwasser oder f\u00fcr die Jagd auf Hechte geeignet. Ideal um mal eine g\u00fcnstige Rute aufzubauen, aber trotzdem mit Spitzenware. Nutze diese Gelegenheit!<\/p>\n","protected":false},"featured_media":252,"comment_status":"closed","ping_status":"closed","template":"","meta":[],"product_cat":[90],"product_tag":[91,113,116,55,111,114,115],"_links":{"self":[{"href":"http:\/\/www.adflyrods.ch\/index.php?rest_route=\/wp\/v2\/product\/259"}],"collection":[{"href":"http:\/\/www.adflyrods.ch\/index.php?rest_route=\/wp\/v2\/product"}],"about":[{"href":"http:\/\/www.adflyrods.ch\/index.php?rest_route=\/wp\/v2\/types\/product"}],"replies":[{"embeddable":true,"href":"http:\/\/www.adflyrods.ch\/index.php?rest_route=%2Fwp%2Fv2%2Fcomments&post=259"}],"wp:featuredmedia":[{"embeddable":true,"href":"http:\/\/www.adflyrods.ch\/index.php?rest_route=\/wp\/v2\/media\/252"}],"wp:attachment":[{"href":"http:\/\/www.adflyrods.ch\/index.php?rest_route=%2Fwp%2Fv2%2Fmedia&parent=259"}],"wp:term":[{"taxonomy":"product_cat","embeddable":true,"href":"http:\/\/www.adflyrods.ch\/index.php?rest_route=%2Fwp%2Fv2%2Fproduct_cat&post=259"},{"taxonomy":"product_tag","embeddable":true,"href":"http:\/\/www.adflyrods.ch\/index.php?rest_route=%2Fwp%2Fv2%2Fproduct_tag&post=259"}],"curies":[{"name":"wp","href":"https:\/\/api.w.org\/{rel}","templated":true}]}}