{"id":230,"date":"2017-05-20T10:55:15","date_gmt":"2017-05-20T10:55:15","guid":{"rendered":"http:\/\/www.adflyrods.ch\/wp\/?post_type=product&#038;p=230"},"modified":"2018-03-13T23:39:52","modified_gmt":"2018-03-13T23:39:52","slug":"rec-aluminium-rollenhalter-black-7-11-rsll","status":"publish","type":"product","link":"http:\/\/www.adflyrods.ch\/?product=rec-aluminium-rollenhalter-black-7-11-rsll","title":{"rendered":"REC-RSLL BL #7-11"},"content":{"rendered":"","protected":false},"excerpt":{"rendered":"<p>Ein wundersch\u00f6ner Rollenhalter f\u00fcr schwere Einhandruten, Switch- und Zweihandruten. Eine zus\u00e4tzliche Kontermutter mit integriertem O-Ring garantiert den bombenfesten Sitz der Fliegenrolle. Die hochwertige Eloxierung der Materialoberfl\u00e4che erm\u00f6glicht gr\u00f6\u00dftm\u00f6glichen Korrosionsschutz selbst nach jahrelangem Einsatz im Salzwasser.<\/p>\n<p>Farbe: schwarz<\/p>\n","protected":false},"featured_media":514,"comment_status":"closed","ping_status":"closed","template":"","meta":[],"product_cat":[48,203],"product_tag":[110,195,196,51,109,194,55,111],"_links":{"self":[{"href":"http:\/\/www.adflyrods.ch\/index.php?rest_route=\/wp\/v2\/product\/230"}],"collection":[{"href":"http:\/\/www.adflyrods.ch\/index.php?rest_route=\/wp\/v2\/product"}],"about":[{"href":"http:\/\/www.adflyrods.ch\/index.php?rest_route=\/wp\/v2\/types\/product"}],"replies":[{"embeddable":true,"href":"http:\/\/www.adflyrods.ch\/index.php?rest_route=%2Fwp%2Fv2%2Fcomments&post=230"}],"wp:featuredmedia":[{"embeddable":true,"href":"http:\/\/www.adflyrods.ch\/index.php?rest_route=\/wp\/v2\/media\/514"}],"wp:attachment":[{"href":"http:\/\/www.adflyrods.ch\/index.php?rest_route=%2Fwp%2Fv2%2Fmedia&parent=230"}],"wp:term":[{"taxonomy":"product_cat","embeddable":true,"href":"http:\/\/www.adflyrods.ch\/index.php?rest_route=%2Fwp%2Fv2%2Fproduct_cat&post=230"},{"taxonomy":"product_tag","embeddable":true,"href":"http:\/\/www.adflyrods.ch\/index.php?rest_route=%2Fwp%2Fv2%2Fproduct_tag&post=230"}],"curies":[{"name":"wp","href":"https:\/\/api.w.org\/{rel}","templated":true}]}}